is divided by 208741?
42
Calculate the remainder when 42453185 is divided by 893.
858
Calculate the remainder when 109419 is divided by 2957.
10
Calculate the remainder when 42483 is divided by 313.
228
What is the remainder when 778337 is divided by 155660?
37
What is the remainder when 7372976 is divided by 6307?
93
What is the remainder when 291850118 is divided by 2524?
2522
What is the remainder when 1714945 is divided by 107184?
1
What is the remainder when 13605525 is divided by 340?
85
What is the remainder when 2502708 is divided by 2502681?
27
What is the remainder when 38036527 is divided by 6080?
47
Calculate the remainder when 146172113 is divided by 121.
120
What is the remainder when 829590 is divided by 1351?
76
What is the remainder when 648470 is divided by 80922?
1094
Calculate the remainder when 5798691 is divided by 618.
615
Calculate the remainder when 63564 is divided by 265.
229
What is the remainder when 3297129 is divided by 265?
264
Calculate the remainder when 2170004 is divided by 2559.
2531
What is the remainder when 57065 is divided by 679?
29
What is the remainder when 539879 is divided by 26879?
2299
Calculate the remainder when 11114207 is divided by 521.
235
What is the remainder when 9926537 is divided by 645?
632
What is the remainder when 165554 is divided by 952?
858
Calculate the remainder when 13603 is divided by 877.
448
Calculate the remainder when 95851 is divided by 9563.
221
What is the remainder when 8753345 is divided by 6?
5
What is the remainder when 180676206 is divided by 1697?
10
What is the remainder when 309627227 is divided by 1045?
1042
Calculate the remainder when 590732732 is divided by 4416.
4412
What is the remainder when 2448589 is divided by 30?
19
What is the remainder when 895117 is divided by 40687?
3
What is the remainder when 2308987 is divided by 585?
577
Calculate the remainder when 53444 is divided by 2611.
1224
What is the remainder when 1646647 is divided by 22?
13
What is the remainder when 58095601 is divided by 39?
31
Calculate the remainder when 55411033 is divided by 2927.
2923
Calculate the remainder when 1359570 is divided by 5150.
5120
What is the remainder when 4517531 is divided by 446?
443
Calculate the remainder when 494713 is divided by 784.
9
What is the remainder when 32110 is divided by 1031?
149
Calculate the remainder when 465509 is divided by 5867.
2016
Calculate the remainder when 8443788 is divided by 1015.
3
What is the remainder when 41502 is divided by 39708?
1794
Calculate the remainder when 2014062 is divided by 5611.
5324
Calculate the remainder when 3075471 is divided by 1537426.
619
Calculate the remainder when 18076748 is divided by 262.
58
Calculate the remainder when 46078 is divided by 44671.
1407
What is the remainder when 459720 is divided by 5108?
0
What is the remainder when 67805 is divided by 15?
5
Calculate the remainder when 133188891 is divided by 903.
3
Calculate the remainder when 75509758 is divided by 12.
10
What is the remainder when 24332 is divided by 136?
124
What is the remainder when 5322 is divided by 5239?
83
What is the remainder when 24260845 is divided by 474?
103
Calculate the remainder when 18330 is divided by 333.
15
Calculate the remainder when 1532554 is divided by 399.
394
Calculate the remainder when 2924576 is divided by 2630.
16
Calculate the remainder when 142238182 is divided by 82.
80
Calculate the remainder when 2031029556 is divided by 17.
14
Calculate the remainder when 69337 is divided by 13863.
22
Calculate the remainder when 3473396 is divided by 1736617.
162
What is the remainder when 33534 is divided by 863?
740
What is the remainder when 117929 is divided by 1389?
1253
Calculate the remainder when 86679 is divided by 6659.
112
What is the remainder when 97528 is divided by 97513?
15
Calculate the remainder when 119536506 is divided by 11.
1
Calculate the remainder when 307416 is divided by 1087.
882
Calculate the remainder when 7887466 is divided by 3943655.
156
What is the remainder when 299706 is divided by 553?
533
Calculate the remainder when 26701462 is divided by 281.
280
What is the remainder when 21074 is divided by 3012?
3002
Calculate the remainder when 33531 is divided by 3039.
102
Calculate the remainder when 2337687 is divided by 106258.
11
What is the remainder when 5841206 is divided by 83?
81
What is the remainder when 220065 is divided by 395?
50
Calculate the remainder when 4730868 is divided by 3076.
3056
Calculate the remainder when 57192739 is divided by 1840.
19
What is the remainder when 440248 is divided by 273?
172
What is the remainder when 10490552 is divided by 621?
620
Calculate the remainder when 21025 is divided by 329.
298
Calculate the remainder when 504544 is divided by 707.
453
What is the remainder when 415809 is divided by 1175?
1034
Calculate the remainder when 186457 is divided by 20705.
112
Calculate the remainder when 1529217 is divided by 254760.
657
What is the remainder when 613558 is divided by 153350?
158
Calculate the remainder when 45689 is divided by 10452.
3881
What is the remainder when 2079553 is divided by 519881?
29
Calculate the remainder when 12117920 is divided by 6.
2
What is the remainder when 525591 is divided by 72?
63
Calculate the remainder when 307768030 is divided by 159.
157
Calculate the remainder when 315733 is divided by 697.
689
What is the remainder when 36954 is divided by 720?
234
What is the remainder when 1320260 is divided by 578?
108
Calculate the remainder when 8770169 is divided by 38.
35
What is the remainder when 543599 is divided by 721?
686
What is the remainder when 1258996 is divided by 1258940?
56
Calculate the remainder when 6258346 is divided by 8915.
16
Calculate the remainder when 86334 is divided by 8259.
3744
What is the remainder when 4251693 is divided by 104?
69
Calculate the remainder when 596639 is divided by 13559.
43
Calculate the remainder when 253841481 is divided by 2242.
2241
Calculate the remainder when 279893 is divided by 6262.
4365
What is the remainder when 788293 is divided by 262373?
1174
What is the remainder when 373114 is divided by 641?
52
What is the remainder when 769881 is divided by 12824?
441
Calculate the remainder when 196064 is divided by 195127.
937
What is the remainder when 752670 is divided by 1280?
30
What is the remainder when 5375109 is divided by 84?
33
Calculate the remainder when 74337 is divided by 14865.
12
Calculate the remainder when 53179377 is divided by 19.
11
What is the remainder when 31509797 is divided by 50?
47
What is the remainder when 5490863 is divided by 1830271?
50
What is the remainder when 76701 is divided by 18203?
3889
Calculate the remainder when 2607709 is divided by 1750.
209
Calculate the remainder when 18336164 is divided by 426422.
18
Calculate the remainder when 4551622 is divided by 24.
22
What is the remainder when 160581090 is divided by 82?
80
What is the remainder when 2340548 is divided by 944?
372
What is the remainder when 1626294 is divided by 43?
34
What is the remainder when 3067816 is divided by 23967?
40
What is the remainder when 1439968 is divided by 2408?
2392
Calculate the remainder when 29738309 is divided by 14054.
45
Calculate the remainder when 40229091 is divided by 3352423.
15
Calculate the remainder when 37357 is divided by 36640.
717
What is the remainder when 2973358 is divided by 486?
10
Calculate the remainder when 4357095 is divided by 28110.
45
What is the remainder when 1782390 is divided by 132?
126
Calculate the remainder when 258650450 is divided by 22.
14
Calculate the remainder when 221117 is divided by 12284.
5
Calculate the remainder when 4224529 is divided by 1825.
1479
Calculate the remainder when 63235864 is divided by 5637.
5635
Calculate the remainder when 14915135 is divided by 573659.
1
What is the remainder when 49403679 is divided by 9?
6
Calculate the remainder when 185090 is divided by 30688.
962
What is the remainder when 25722285 is divided by 105853?
6
Calculate the remainder when 1473832 is divided by 625.
82
Calculate the remainder when 122790 is divided by 30570.
510
What is the remainder when 80395 is divided by 551?
500
What is the remainder when 719681 is divided by 228?
113
